*m**2 - 3*m + 6. Let l(h) = 7*h + 81. Let a be l(-11). What is the units digit of u(a)?
6
Suppose -1260 = -8*z - 11292. What is the hundreds digit of (0 + 10/(-6))/(11/z)?
1
Let s = -49924 - -80127. What is the tens digit of s?
0
Let x = 33874 + -17359. What is the ten thousands digit of x?
1
Suppose -3*r - 3*v = 15, -5*v - 50 = 3*r - 9*v. What is the tens digit of (-9388)/(-15) + (-1520)/(-150) + r?
2
Let g(p) = 5*p**2 - p - 1. Suppose 5 = -3*k - 7. Let b be g(k). Let m = 207 - b. What is the units digit of m?
4
Suppose 12*h - 8041 - 43559 = 0. Suppose -h = -20*m + 17860. What is the hundreds digit of m?
1
Let u(t) = 243*t - 602. What is the hundreds digit of u(29)?
4
What is the hundreds digit of ((-56102)/10)/((-336)/(-588) + (-94)/140)?
1
Let n(t) = t**3 - t**2 + t - 1. Suppose -3*a + 10 = 2*a. Let b be n(a). Suppose 23 = i + b*x, 3*i - 79 = -6*x + x. What is the tens digit of i?
2
Suppose t + 1 = 0, -3*t - 50 = -5*q + 2*t. Let m be (-1)/q - (-342)/162. Suppose -2*a - 2*a - s + 470 = 0, m*a + 3*s = 240. What is the units digit of a?
7
Let j(k) = 23*k**2 - 21*k - 9. Let z(q) = 44*q**2 - 40*q - 19. Let n(h) = -11*j(h) + 6*z(h). What is the units digit of n(8)?
7
Suppose -8 = -64*d + 63*d. What is the hundreds digit of (445/20)/(1/d)?
1
Let k = 2279 - 1382. What is the tens digit of k?
9
Suppose -3*u + 322 = 1477. Let g = u + 563. Suppose -b + g = 58. What is the hundreds digit of b?
1
Let x = 2197 - 5789. Let w be (-16)/(-3) - 2/(-3). What is the units digit of w/(-10) - x/20?
9
Let y be 12/3 - 35/5. What is the units digit of 355 + (4 - 4) + y?
2
Let i = 123 - 86. Let c = i - 35. What is the units digit of (-1)/c - 545/(-10)?
4
Suppose 185*h + 192*h - 1059648 = 329*h. What is the units digit of h?
6
Suppose 97 - 475 = -7*w. Let j = w + 38. What is the units digit of j?
2
Let d = 190 - 198. Let i = d + 292. What is the tens digit of i?
8
Suppose 84*o - 79412 = 6604. What is the units digit of o?
4
What is the tens digit of 6 - 1/(6/(-51))*682?
0
Suppose 8*w - 4 = 12. Suppose -w*x = -24*x + 13530. What is the units digit of x?
5
Let y be 16/5 - 6/30. Suppose 3*v - 2217 = -y*u, 2*v + 2882 = 3*u + 665. What is the tens digit of u?
3
Suppose a = -2*g + 4, 3*a - 3 = -2*g + 1. Let t be 0/(1 - g - 1). Suppose -3*d + t*d = 3*m - 375, -2*d = -m - 262. What is the hundreds digit of d?
1
Suppose 0 = 8*j - 26*j + 298566. Suppose j = 229*o - 210*o. What is the units digit of o?
3
Let n(p) = -8*p**3 - 88*p**2 + 115*p + 28. What is the tens digit of n(-19)?
4
Let y = 57209 + -29911. What is the tens digit of y?
9
Suppose 6*a = 10558 - 3046. Let d be (10/15)/((4/3057)/2). Suppose -5*n = -2*c + c - a, 0 = -4*n - 5*c + d. What is the tens digit of n?
5
Suppose -a = 5*d - 3726, -3727 = -5*d - 0*a - 2*a. Let o = -724 + d. What is the tens digit of o?
2
Suppose -85*a - 184*a + 96798 = -961448. What is the tens digit of a?
3
Let z(o) = o**3 - 6*o**2 - 4*o + 17. Let x be z(12). Suppose 4*t - 699 = x. What is the tens digit of t?
8
Let b(l) = -1210*l - 190. What is the units digit of b(-14)?
0
What is the hundreds digit of 7 - (-571160)/70 - (-24)/42?
1
Let d(s) = 103*s - 667. Let y(c) = 25*c - 167. Let r(n) = 2*d(n) - 9*y(n). What is the units digit of r(-11)?
8
Let c(g) = 4*g + 29. Suppose -13*u = -25*u - 48. Let t be c(u). Suppose t*h - 2977 = -611. What is the tens digit of h?
8
Suppose 0 = -2*u + 8 + 160. Suppose -2*k + u + 64 = 0. What is the tens digit of k?
7
Let d be 1063*16/(-56) - 4/14. Let p = -144 - d. What is the hundreds digit of p?
1
Suppose -3*v + d + 3269 = -1299, 0 = 2*v + 5*d - 3068. Suppose 12*k - v = -0*k. Suppose p = -3*t + 247, 5*t + 96 = p - k. What is the units digit of p?
8
Let h(q) be the first derivative of q**3 + 31*q**2/2 + 30*q + 65. What is the tens digit of h(-18)?
4
Suppose 0 = -2*x + z + 579, 86 = -3*x + 5*z + 958. Let w = x + -409. What is the units digit of (1/2)/(237/w - -2)?
0
Suppose 8*p + 21 = 15*p. Suppose -3*o = -6*o - 5*l + 2898, 4*o + p*l = 3875. What is the hundreds digit of o?
9
Suppose 548*k - 602*k = -206496. What is the hundreds digit of k?
8
Let t be (-12)/(3 + -7) + 0. Suppose -t*b = -2*b + 174. Let u = b - -303. What is the hundreds digit of u?
1
What is the thousands digit of 565152/58 - (-45)/3?
9
Let n be (2 - 18512/12)/(4/(-6)). Suppose n = 4*x + 3*q, x + 3*q - 75 = 505. What is the tens digit of x?
7
Suppose -16*v + 95268 = -8*v + 9*v. What is the thousands digit of v?
5
Let j = -38 + 74. Let d = j + -31. Suppose 0 = -3*b + 4*v + 579 - 185, 0 = -2*b - d*v + 301. What is the tens digit of b?
3
Let z(x) = -93*x**3 - 11*x**2 + 74*x + 703. What is the units digit of z(-8)?
3
Let q be 98/14 - (-12)/4. What is the tens digit of 4/(-10) + (-9)/q*-26?
2
Let r(k) = -4*k - 6. Let n(d) = -3*d - 5. Let b(s) = -5*n(s) + 4*r(s). Let m be b(-1). What is the hundreds digit of 236/m*3/2?
1
Suppose 2*d + 8 = 0, -2*m + 0*d + d = -5700. What is the units digit of m?
8
Let d = 100 + -70. Suppose 5*k - d = 50. What is the tens digit of 4/k + 3 + (-358)/(-8)?
4
Suppose 23206 + 28218 = 16*a. What is the tens digit of 35/70 - a/(-4)?
0
Suppose -19*r + 555180 = -147516. What is the tens digit of r?
8
What is the ten thousands digit of (7 + (-7 + 13)*-1)*63341?
6
Suppose -322*h + 3156389 + 8774461 = 769686. What is the tens digit of h?
6
Let j(c) be the second derivative of c**5/20 + 41*c**4/12 + 50*c**3/3 - 17*c**2 + 95*c. What is the tens digit of j(-38)?
9
What is the thousands digit of 1284696/(-336)*(75/(-9) - 1)?
5
Let g(r) = -78*r + 2555. What is the thousands digit of g(0)?
2
Let s(v) = 3*v**2 - 10*v + 2. Let j(m) = m**2 - 3*m + 1. Let u(d) = 8*j(d) - 3*s(d). Let k be u(6). Suppose 8*r = -k*r + 880. What is the tens digit of r?
8
Suppose 4*y = 3*a - 2311, 777 = -6*a + 7*a - 3*y. Suppose 12*k - a = 7*k. Suppose 4*v - v = k. What is the units digit of v?
1
Suppose -17348 = -4*m + 4*o, 3*o + 1843 = 4*m - 15509. What is the hundreds digit of m?
3
Let x be 4*(4 + (-60)/(-2)). Suppose -2*k = x + 174. What is the tens digit of ((-3)/(3/k))/(0 + 1)?
5
Suppose 4*u - 5*v = 32, 9 = -0*u - u - 3*v. Suppose -z - 4*x = z - 28, u*z - 3*x - 6 = 0. Let a(h) = 6*h**2 - 5*h + 24. What is the hundreds digit of a(z)?
2
Suppose -4*a - 195*o = -191*o - 52168, a = -5*o + 13014. What is the ten thousands digit of a?
1
Suppose -445*g + 436*g - 9 = 0. What is the units digit of 4 + ((-1)/(-5))/(g/(-4195))?
3
Let q = 3097 - -6428. What is the units digit of q?
5
Suppose 3*t = 5*j + 7282, 1103 = t + 3*j - 1329. Let o = -1693 + t. What is the hundreds digit of o?
7
Suppose 4*t = -4*g - 28, -3*t + 15 = -8*t + 5*g. Let n(x) = x**3 + 6*x**2 + 6*x - 2. Let b be n(t). Let q(l) = -l**2 - 7*l + 10. What is the tens digit of q(b)?
1
Let p(a) = 4*a**3 + 2*a**2. Let t be p(-4). Let q be ((-6)/(-8))/((-8)/t). What is the units digit of ((-18)/q)/((-3)/14) + 26?
0
Suppose 5012*f - 4990*f = 1855150. What is the hundreds digit of f?
3
Suppose -3588*j = -3560*j - 709800. What is the ten thousands digit of j?
2
What is the tens digit of -9 + -3*21/(-7) + 2*1213?
2
Let p(i) = -17*i**2 + 2. Let j be p(2). Let b = -764 + 733. Let r = b - j. What is the tens digit of r?
3
Suppose 5*y = 45 - 20. Suppose 4*p = y*q - 439, 3*q = p - 4*p - 363. Let g = p + 242. What is the hundreds digit of g?
1
Suppose -2*p + 74 = -44. Suppose 51 = -2*k + p. What is the units digit of (-2)/k*13/((-26)/76)?
9
Let u(w) = w**2 - 8*w - 7. Let b(r) = -r**2 - 12*r - 16. Let c be b(-10). Let n be u(c). Let l = 48 - n. What is the tens digit of l?
7
Suppose -5*j = 3*t + 5, 0*j = -2*j + 3*t + 19. Suppose 4*r + 42 = -j*r. What is the tens digit of (-6345)/(-63) + (-2)/r?
0
Let y = 127 + -127. Suppose -3*r + 5*r - 620 = 5*x, r + 2*x - 292 = y. What is the tens digit of r?
0
Let t = 152964 - 83160. What is the tens digit of t?
0
What is the thousands digit of 4187 - (6 + -9*7/21)?
4
Suppose 168 = 11*m + 36. Suppose q + 0 = m. What is the tens digit of (-2)/3 + 2/q*394?
6
What is the tens digit of (-6)/(-10)*(9 - (-104533)/33)?
0
Let g(o) = -12*o + 61. Let h(c) = 3*c - 15. Let d(f) = 4*g(f) + 18*h(f). Let s(t) = -3*t - 10. Let v be s(-5). What is the units digit of d(v)?
4
Let g = -8441 - -11989. What is the units digit of g?
8
Suppose 37 = 3*j + 2*x, -4*j = 6*x - 2*x - 44. What is the units digit of -4